{"id":49,"date":"2019-03-14T10:49:11","date_gmt":"2019-03-14T13:49:11","guid":{"rendered":"http:\/\/www.sbpr.org.br\/radio2019\/?page_id=49"},"modified":"2019-09-15T20:26:44","modified_gmt":"2019-09-15T23:26:44","slug":"inscricao","status":"publish","type":"page","link":"https:\/\/www.sbpr.org.br\/radio2019\/inscricao\/","title":{"rendered":"Inscri\u00e7\u00e3o"},"content":{"rendered":"<p><\/p>\n<table width=\"605\">\n<tbody>\n<tr>\n<td width=\"201\"><\/td>\n<td colspan=\"2\" width=\"202\">At\u00e9 15\/08\/2019<\/td>\n<td colspan=\"2\" width=\"202\">Ap\u00f3s 15\/08\/2019<\/td>\n<\/tr>\n<tr>\n<td><\/td>\n<td>s\u00f3cio*<\/td>\n<td>n\u00e3o s\u00f3cio<\/td>\n<td>s\u00f3cio*<\/td>\n<td>n\u00e3o s\u00f3cio<\/td>\n<\/tr>\n<tr>\n<td>Profissionais de n\u00edvel superior<\/td>\n<td>R$ 500,00<\/td>\n<td>R$ 680,00<\/td>\n<td>R$ 620,00<\/td>\n<td>R$ 740,00<\/td>\n<\/tr>\n<tr>\n<td>Profissionais de n\u00edvel m\u00e9dio<\/td>\n<td>R$ 420,00<\/td>\n<td>R$ 600,00<\/td>\n<td>R$ 540,00<\/td>\n<td>R$ 660,00<\/td>\n<\/tr>\n<tr>\n<td>Estudantes<\/td>\n<td>R$ 300,00<\/td>\n<td>R$ 360,00<\/td>\n<td>R$ 360,00<\/td>\n<td>R$ 420,00<\/td>\n<\/tr>\n<tr>\n<td><\/td>\n<td><\/td>\n<td><\/td>\n<td><\/td>\n<td><\/td>\n<\/tr>\n<tr>\n<td>Cursos (valor por curso)<\/td>\n<td>R$ 60,00<\/td>\n<td>R$ 120,00<\/td>\n<td>R$ 80,00<\/td>\n<td>R$ 160,00<\/td>\n<\/tr>\n<tr>\n<td colspan=\"5\">* s\u00f3cio &#8211; SBPR, ABRO, CONTER, ABENDI,SPPR, SBBN e ABFM<\/td>\n<\/tr>\n<\/tbody>\n<\/table>\n<h1 style=\"text-align: center;\"><\/h1>\n<p><\/p>","protected":false},"excerpt":{"rendered":"<p>At\u00e9 15\/08\/2019 Ap\u00f3s 15\/08\/2019 s\u00f3cio* n\u00e3o s\u00f3cio s\u00f3cio* n\u00e3o s\u00f3cio Profissionais de n\u00edvel superior R$ 500,00 R$ 680,00 R$ 620,00 R$ 740,00 Profissionais de n\u00edvel m\u00e9dio R$ 420,00 R$ 600,00 R$ 540,00 R$ 660,00 Estudantes R$ 300,00 R$ 360,00 R$ 360,00 R$ 420,00 Cursos (valor por curso) R$ 60,00 R$ 120,00 R$ 80,00 R$ 160,00 &hellip; <\/p>\n<p class=\"link-more\"><a href=\"https:\/\/www.sbpr.org.br\/radio2019\/inscricao\/\" class=\"more-link\">Continue lendo<span class=\"screen-reader-text\"> &#8220;Inscri\u00e7\u00e3o&#8221;<\/span><\/a><\/p>\n","protected":false},"author":1,"featured_media":184,"parent":0,"menu_order":0,"comment_status":"closed","ping_status":"closed","template":"","meta":{"footnotes":""},"class_list":["post-49","page","type-page","status-publish","has-post-thumbnail","hentry"],"_links":{"self":[{"href":"https:\/\/www.sbpr.org.br\/radio2019\/wp-json\/wp\/v2\/pages\/49","targetHints":{"allow":["GET"]}}],"collection":[{"href":"https:\/\/www.sbpr.org.br\/radio2019\/wp-json\/wp\/v2\/pages"}],"about":[{"href":"https:\/\/www.sbpr.org.br\/radio2019\/wp-json\/wp\/v2\/types\/page"}],"author":[{"embeddable":true,"href":"https:\/\/www.sbpr.org.br\/radio2019\/wp-json\/wp\/v2\/users\/1"}],"replies":[{"embeddable":true,"href":"https:\/\/www.sbpr.org.br\/radio2019\/wp-json\/wp\/v2\/comments?post=49"}],"version-history":[{"count":13,"href":"https:\/\/www.sbpr.org.br\/radio2019\/wp-json\/wp\/v2\/pages\/49\/revisions"}],"predecessor-version":[{"id":430,"href":"https:\/\/www.sbpr.org.br\/radio2019\/wp-json\/wp\/v2\/pages\/49\/revisions\/430"}],"wp:featuredmedia":[{"embeddable":true,"href":"https:\/\/www.sbpr.org.br\/radio2019\/wp-json\/wp\/v2\/media\/184"}],"wp:attachment":[{"href":"https:\/\/www.sbpr.org.br\/radio2019\/wp-json\/wp\/v2\/media?parent=49"}],"curies":[{"name":"wp","href":"https:\/\/api.w.org\/{rel}","templated":true}]}}